590. Let k = h + 131. What is the remainder when k is divided by q?
1
Let h = 585 + -555. Let n(a) = a**2 - 17*a - 207. Calculate the remainder when n(h) is divided by 8.
7
Suppose -13*n + 16*n = 189. Suppose -g = -2*g + n. Calculate the remainder when g is divided by (22/4)/(2/4).
8
Let k be ((-2)/(-18))/(1/6)*-24. Let l be (k/(-20))/(1/120). Let d = l - 85. Calculate the remainder when d is divided by 4.
3
Let h = -341 + 158. Let w = -175 - h. What is the remainder when 42 is divided by w?
2
Let w(f) = -2*f + 5. Let n(x) = 3*x - 33. Let m(r) = -n(r) - 4*w(r). Suppose 21 = 2*v + 3. What is the remainder when m(v) is divided by 15?
13
Let w(t) = t**2 - 11*t + 5. Suppose 44 = 4*g + 3*j, -4*g + 8*j = 13*j - 36. What is the remainder when w(g) is divided by 18?
11
Suppose -2750 - 600 = -67*n. Let x be (-6 + -36)/(2/(-28)). Suppose 2*h + h - x = 0. What is the remainder when h is divided by n?
46
Suppose 119 - 359 = -8*d. Suppose -469 - 131 = -d*c. Calculate the remainder when 113 is divided by c.
13
Suppose y - 11 = -2*a + 29, -2*a - 150 = -4*y. Suppose 0 = -y*h + 43*h - 50. Let u = 5 - -34. Calculate the remainder when u is divided by h.
9
Suppose -9 = -3*b, 68*u - 63*u - 4*b - 2723 = 0. Calculate the remainder when u is divided by 15.
7
Suppose 11*r - 4*r - 441 = 0. Suppose 8*w + w - r = 0. What is the remainder when (w - -1) + -4 + 3 + -1 is divided by 6?
0
Suppose 0 = -2*j + 2*t + 1482, -4*j + 39*t + 2984 = 40*t. What is the remainder when j is divided by 68?
65
Suppose -4*c = -3*f - 92, -3*f - f - 3*c - 156 = 0. Let x be (2 - 0)/(2*4/f). Calculate the remainder when 12 is divided by x/(27/(-4))*9/4.
0
Let h = 43 - -35. Suppose 0 = 2*w + 5*y - 8, -2*y + h = 5*w - 4*y. Calculate the remainder when 36 is divided by w.
8
Calculate the remainder when ((-1)/(-2))/((-92 - -31)/(-109922)) is divided by 78.
43
Let o(c) = 3*c + 1. Let p be o(5). Let g = p + -2. Let s(u) = -u**3 + 16*u**2 + 4*u - 25. What is the remainder when s(16) is divided by g?
11
Let u(z) = z**3 + 16*z**2 - 56*z + 42. Let x be u(-19). Calculate the remainder when 375 is divided by 84/18*(x - 2).
81
Suppose 0 = -5*d - 2*z + 110 + 521, -7*d - 5*z = -879. What is the remainder when 314 is divided by d?
60
Let k = 732 - 715. What is the remainder when k is divided by 2/(12/18) + 4?
3
Let b = -2072 - -2761. Calculate the remainder when b is divided by 52.
13
What is the remainder when 1322 is divided by (2/4)/(375/26150) - 8/(-60)?
27
Let u(n) = -11*n - 177. Suppose -8*t = 92 + 44. Calculate the remainder when (-12)/(-90) - 343/(-15) is divided by u(t).
3
Suppose 0 = -0*c + c - 3*y - 69, 3*c - 232 = 4*y. Let w(q) = 5*q**2 + 18*q - 28. Let o be w(-7). Let f = o + -62. What is the remainder when c is divided by f?
26
Let u = -5608 + 5822. Calculate the remainder when u is divided by 207.
7
Let i(y) = -3*y**3 + 1. Let u(w) = w**3 - 22*w**2 - 23*w - 4. Let s be u(23). What is the remainder when 80 + (-5)/((-30)/s)*-3 is divided by i(-1)?
2
Let p be (-22)/(-9)*(28 + -19). Suppose -92 - p = -19*i. Suppose -v = 2*w + 4*v - 44, 4*w - 116 = 4*v. What is the remainder when w is divided by i?
3
Let s(m) be the third derivative of m**6/40 - m**5/60 + m**4/24 + m**3/6 - 3*m**2. Calculate the remainder when s(4) is divided by 46.
43
Let o = -70 + 72. Suppose -o*z + 28 = -10. Let u = 1 + 73. Calculate the remainder when u is divided by z.
17
Let h(t) = -12*t**3 + 2*t**2 + t. Let x be -4 + (-1 + 4 - 5). What is the remainder when 853/15 + 5 + x/(-45) is divided by h(-1)?
10
Suppose -5*s + 5*w = -185, 3*w - 129 = 238*s - 241*s. What is the remainder when 5875 is divided by s?
35
Suppose 3647 - 667 = 10*a. Suppose a = h + 267. Calculate the remainder when 246 is divided by h.
29
Let m = 180 + -98. Suppose 5*h - w - 64 = 0, 2*h - 5*w - 783 = -785. Calculate the remainder when m is divided by h.
12
Suppose 5*b - 5057 = -3*x, -4*x + 6712 = -0*x - b. Calculate the remainder when x is divided by 15.
14
Suppose 2*m - 1 = 17. Suppose 4*t - 68 = 2*t - 4*k, -23 = -2*t + 5*k. Suppose -2*f = -d - 85, 2*d = f - 17 - t. What is the remainder when f is divided by m?
7
Suppose 9*l - 6*l = 300. Suppose 0 = 16*r - 20*r + l. Calculate the remainder when 96 is divided by r.
21
Let d(v) = -2*v - 19. What is the remainder when d(-23) is divided by (1/3)/(17/51)?
0
Suppose i - 4*w = -2*i + 15, -2*i = -2*w - 10. Suppose -r = i*r - 24. Suppose -126 = -r*n + 486. Calculate the remainder when n is divided by 31.
29
Let f(k) = 8*k**2 - 52*k - 11. Let r be f(8). Calculate the remainder when 14 is divided by -1*(-2)/6 + r/15.
2
Let y(l) = -6*l**2 + 17*l - 10. Let g(m) = 17*m**2 - 51*m + 30. Let v(b) = -3*g(b) - 8*y(b). Calculate the remainder when 206 is divided by v(4).
6
Let i = 132 - -41. Suppose -29*c + 7868 = 7404. Calculate the remainder when i is divided by c.
13
Let x be 28/7 + (-1)/1. Let m = -959 - -949. Calculate the remainder when 6 is divided by x/15 + (-58)/m.
0
Let f(n) = 2*n**2 - 35*n + 110. Calculate the remainder when f(19) is divided by 11.
2
Let k(z) = -z + 17. Let a(b) = -3*b**2 + 2. Let q be a(0). Suppose -3*o = q*o - 30. What is the remainder when 86 is divided by k(o)?
9
Calculate the remainder when 3087 is divided by 600/(-42) + 14 - (-8305)/35.
6
Let g(p) = 1487*p + 44. Let a be g(-5). Calculate the remainder when 87 is divided by 2*(-2)/(-34) - a/323.
18
Suppose 8*m - 13*m - k + 45 = 0, -36 = -4*m - 2*k. Let j be 0 + 3/6*0. Let n = j - -34. Calculate the remainder when n is divided by m.
7
Let p(s) = 18*s**2 + 9 + 4*s - 2*s**2 - 2*s. Let m = -1935 + 1933. Calculate the remainder when p(m) is divided by 10.
9
Let o(v) = -v + 3. Let u(c) = -2*c**2 - 4*c - 17. Let i(l) = -3*o(l) - u(l). What is the remainder when 15 is divided by i(0)?
7
Let u = 12362 + -12115. Calculate the remainder when 256 is divided by u.
9
Suppose 3*h - 35 = -4*f + 114, 0 = 5*h + 25. Suppose -6 = -n + 3*i, 12*n = 17*n - 4*i - f. What is the remainder when 80 is divided by n?
8
Let a(s) = -s**2 + 89*s - 17. Let d(q) = -44*q + 9. Let m(p) = 2*a(p) + 5*d(p). What is the remainder when m(-21) is divided by 8?
3
Let n = -96 + 104. Let a = 246 + -231. Calculate the remainder when a is divided by n.
7
Suppose -20 = 12*d - 16*d. Suppose o + j - 15 = 0, -4*o + 58 = d*j - 3*j. Calculate the remainder when 39 is divided by o.
11
Let r(d) = -13*d - 19. Let h be r(-4). Let k = h + 42. Suppose 0 = 72*y - k*y + 72. What is the remainder when 63 is divided by y?
15
Suppose -8*t + 143 + 97 - 48 = 0. What is the remainder when 2*1 + 91*1 is divided by t?
21
Suppose 2*n - 4*n - 5*n = 0. Let m be (2 - -1)/(n - (-9)/6). Calculate the remainder when 55 is divided by (m + (-156)/(-9))/((-4)/(-6)).
26
Suppose -42 = -n + i, 3*n - 114 + 18 = -3*i. Suppose -2*l = -r + 23, n + 55 = 4*r - 3*l. Calculate the remainder when 61 is divided by r.
15
Let c(z) = -z**3 - 12*z**2 - 15*z - 11. Let n be c(-7). Let b = -109 - n. Calculate the remainder when 83 is divided by b.
41
Let x be 4/(-20) + 9/(-5). Let h = 104 + -86. What is the remainder when h - (x + 0 - -2) is divided by 3?
0
Let q be (-888)/4*(-6)/18. Let i = 31 + q. What is the remainder when i is divided by 37?
31
Suppose -4*k + 162 - 166 = 0. Let o(y) = 211*y**2 - 4*y + 1. What is the remainder when o(k) is divided by 57?
45
Suppose 7*o = 42*o - 245. Suppose 489 - 1133 = -o*l. What is the remainder when l is divided by 25?
17
Suppose 119*s - 1478 - 188 = 0. What is the remainder when 187 is divided by s?
5
Suppose 10 = -384*t + 389*t. Suppose 0 = t*r - 3*h - 20, 36 = 2*r - 0*r + 5*h. Suppose q + 16 = 3*q. What is the remainder when r is divided by q?
5
Suppose 5*o - 4*z - 179 = 0, -86 = -2*o + 3*z - 5*z. Let k(i) = -11*i - 22. Let r be k(-2). Calculate the remainder when o is divided by 2 + r + 15 + (-4 - -1).
11
Suppose -4*t + 2*i = -1442, -29*t + 30*t = -5*i + 355. Calculate the remainder when t is divided by 68.
20
Suppose -9*t = 2*q - 4*t + 25, 4*q - 2*t = 10. Let i be -18*(-2 + 3/6). Suppose 12*s - 9*s - i = q. What is the remainder when 26 is divided by s?
8
Suppose 10*g = -4*g + 28. Suppose g*c - 144 = 8. What is the remainder when c is divided by 9?
4
Suppose -k - 555 = -5*p + 44856, -4*p + 4*k + 36316 = 0. What is the remainder when p is divided by 77?
74
Let h = 41 + -37. Suppose 0 = -5*b - h*f 